is the tens digit of 111/9 + c/3?
1
Suppose 5*j - 3*j = 30. What is the tens digit of j?
1
Let d(n) = 5*n - 9. Let a be d(9). Suppose 3*j + a = 3*q, 4*q - 28 = -0*j - j. Suppose 2*h = -3*h - 3*y + q, -4*h = y - 5. What is the units digit of h?
1
Let g be 3 - (5 + 1 + -5). Suppose -x + 47 = 5*t, -x + t = g*t - 51. What is the units digit of x?
2
Suppose 80 + 34 = -3*u - 3*a, 4*a + 192 = -5*u. Let g be u/12*6/(-4). Let i(s) = -s**3 + 4*s**2 + 7*s - 3. What is the units digit of i(g)?
7
Suppose -3*p - 1 = -13. What is the tens digit of (p/20 + 3)*5?
1
What is the tens digit of (-144)/(-4 + 1) - -3?
5
Let g = -20 - -54. What is the units digit of g?
4
Let w(s) = s**2 - 2*s + 36. What is the tens digit of w(-13)?
3
Let r(b) = -2 - 2*b + 1 + 2*b**2 + 15*b**2 + 0. What is the units digit of r(-1)?
8
Let q(n) = n + 2. Let g be q(4). Suppose x - 5*m = 37, -19 - g = -x + m. What is the tens digit of x?
2
Suppose -i = 2 - 0. What is the tens digit of (1/i)/(5/(-260))?
2
Let m = 1 - -33. What is the units digit of m?
4
Let g = 31 + -21. Suppose -g = -6*v + 4*v, 0 = x + 3*v - 17. What is the units digit of x?
2
Let y = -13 - -21. What is the units digit of y?
8
Suppose -2*t - 33 = -4*r - 3, 27 = 3*r + 3*t. Suppose -3*o - l = o, -2*l - r = 0. What is the units digit of o?
1
Suppose 55 = 5*l - 295. What is the tens digit of l?
7
Suppose 6*x - 25 - 53 = 0. What is the units digit of x?
3
Suppose 0 = 4*f - 10 - 46. Suppose -4*i + 70 = 5*q - 5*i, 0 = -3*q - 5*i + f. What is the tens digit of q?
1
Let w(h) = 4*h**2 + 2*h + 1. Let z be w(2). What is the units digit of (-6)/z - 158/(-14)?
1
What is the units digit of (-14)/(-35) - 358/(-5)?
2
Let m be ((-27)/18)/(2/(-4)). What is the tens digit of (108/(-16))/(m/(-8))?
1
Suppose 27 = 3*v - 96. What is the tens digit of v?
4
Suppose -q = 0, 5*r - 2*q - 93 = 142. Let t = -18 + r. What is the units digit of t?
9
Let f(c) be the first derivative of -c**2/2 + c + 3. What is the units digit of f(-3)?
4
Let b = 5 + -2. Suppose -g + 11 = -4. Suppose -g = -b*o + 9. What is the units digit of o?
8
Let w be 23/(-7) - (-20)/70. What is the units digit of (6/(-8))/(w/12)?
3
Let c = 3 - 10. Let u(r) = -r**3 - 8*r**2 - 8*r + 4. What is the tens digit of u(c)?
1
Suppose -21 = 3*n + 12. Let y = 0 - n. What is the units digit of y?
1
Suppose 2*k = -3*k - 35. Let r = k + 11. Suppose -15 = -w - 2*m + m, 5*m + 69 = r*w. What is the tens digit of w?
1
What is the units digit of 117*2 - (-11 - -11)?
4
Let x(u) = -u**2 - 5*u + 8. What is the units digit of x(-6)?
2
Suppose -z - 4*z = -3*w + 13, 4*z + 14 = 3*w. Suppose 2*p - 12 = w. What is the units digit of p?
9
Let x(o) = -o**2 - 9*o - 3. Suppose 2*b - 18 = 2*u - 6, 0 = -5*b + 4*u + 30. Suppose b*v - 2*v = -24. What is the units digit of x(v)?
5
Suppose 5*a = -0*t - 5*t + 20, 0 = -5*t + 2*a + 27. What is the units digit of (5 + -3 + t)*1?
7
Let j(t) be the third derivative of -t**5/60 - t**4/6 + t**3/2 + t**2. Let y be j(-4). What is the units digit of (1/y)/(4/156)?
3
Let g(v) = v**3 + 15*v**2 - 4*v - 13. What is the tens digit of g(-15)?
4
Let v be -2*60/(1 + -4). Suppose 5*r - 32 = -4*c + 26, -5*r + 5*c + v = 0. What is the tens digit of r?
1
Let z = 66 + -30. What is the tens digit of z?
3
Let d(r) be the first derivative of 2*r + 1 + 0*r**2 + r**2 - 2 + 4*r. What is the tens digit of d(7)?
2
What is the units digit of 10/(-5) + 111 + 1?
0
Let f = -312 - -531. What is the units digit of f?
9
Let g be 2/3*3*3. Let i = g - 2. Suppose -j + 27 = i*r, -55 = -4*r - 4*j - 19. What is the units digit of r?
6
Suppose 4 = 3*u - u. Let b = 0 - u. Let n = 3 - b. What is the units digit of n?
5
Let o = -56 - -82. Let m = o + -2. What is the tens digit of m?
2
Suppose -12*u = 2*u - 1848. What is the tens digit of u?
3
Let u = 2 + 3. Suppose x - 28 = 3*w, u*w - 2*x = -0*w - 48. Let o = w + 15. What is the units digit of o?
7
Let h = 8 + -4. Suppose -4*o = -5*u + 1 + 8, 2 = h*u + 2*o. Suppose -5 = -2*m + u. What is the units digit of m?
3
Let d = 104 + -52. Let z = d - 26. What is the units digit of z?
6
Let j be 9/(-12) - 26/8. What is the units digit of 46 - -1 - (j + 3)?
8
Let r(l) = -l**3. Let g(b) = -3*b - 1. Let j(w) = g(w) + 2*r(w). Let i = -121 - -119. What is the tens digit of j(i)?
2
Suppose -3*n + 7 = 2*c, 2*n - c - 13 = 1. Suppose -4*p + 3*y = n*y - 74, -5*p + 94 = 3*y. What is the tens digit of p?
1
Let q(k) = -2*k - 3. Let v be q(-4). Suppose v = f + 4*f. What is the units digit of f?
1
Let m = -4 - -8. Suppose 2*q - m = -2*q. What is the units digit of (4 - 2)*q/2?
1
Let d(q) = q**3 - 2*q**2 - 3*q - 3. Let z be d(3). What is the units digit of 16*2*z/(-6)?
6
Let u(c) = -3*c - 2. What is the units digit of u(-2)?
4
Suppose 7*h - 9*h = -28. What is the units digit of h?
4
Let z(v) = -v**3 - 9*v**2 + 10*v + 11. Let t be z(-10). Let b = t - 6. What is the units digit of b?
5
Suppose 13 + 3 = 4*v. Suppose 5*b = v*b + 30. What is the tens digit of b?
3
Suppose 2*k - 15 - 9 = 0. What is the tens digit of k?
1
Let y = -9 + 6. Let a be 6 + (-1 - (-6)/y). Suppose -a*h + 8 = -4. What is the units digit of h?
4
Suppose 7*o - 189 = 4*o. Suppose 213 = 5*q + o. What is the tens digit of q?
3
Let a(h) = 214*h**2 + 4*h - 3. What is the tens digit of a(1)?
1
Suppose 2*b = -2*b + 936. What is the tens digit of b?
3
Suppose -4*i + i - 318 = 3*s, 3*s = 2*i + 212. Let h = -74 - i. Suppose 4*f + 0*f - h = 0. What is the units digit of f?
8
Suppose 5*d - 4*d = 0. Suppose 2*o - 4 = -2*w - 0, d = -w - 3*o - 2. Suppose -z + 23 = w*a - 12, 4*z - 65 = -a. What is the tens digit of z?
1
Let v be 218/6 + 1/(-3). Let w = v + -25. What is the tens digit of w?
1
Suppose -8*x = -7*x - 184. What is the hundreds digit of x?
1
Suppose -5*r = 15, 3*r = n - 13 + 3. What is the units digit of n?
1
Let u(w) = w**3 - 5*w**2 + 5*w - 3. Let q(y) = -y**3 + 8*y**2 - 7*y + 4. Let n be q(7). Let r be u(n). What is the units digit of 8 + (-4)/(3 - r)?
6
Suppose 0 = q + s - 7, -4*q + q - 4*s = -25. What is the tens digit of q + 23 - (-4)/(-4)?
2
Suppose -3*v - 12 = 3, -23 = -3*y - 2*v. What is the units digit of y?
1
Let a = -13 - -10. What is the tens digit of 1*14 + a/3?
1
Suppose -l = 2*l - 180. Suppose -5*a = -i + 2*i - 48, -5*i + l = 5*a. What is the units digit of a?
9
Let o = -12 - -12. Suppose -p + 5 + 7 = o. What is the tens digit of p?
1
Let f = 94 - 51. What is the tens digit of f?
4
Let g = 9 - 4. Suppose 0 = -0*x - 2*x + 3*b - 6, -x - b = 3. Let u = g - x. What is the units digit of u?
8
Let h(x) = -x + 12. Let k be h(9). Suppose -26 + 98 = k*v. What is the tens digit of v?
2
Let k(z) = z**3 + 9*z**2 + 8*z + 4. Let m be k(-8). Suppose -5*y + m*g = -39, -y - 6*g = -2*g - 27. What is the units digit of y?
1
Suppose -2*f + 3 + 109 = 0. What is the tens digit of f?
5
Let o be 0*(1/1)/1. Suppose -2*s = -o*s - 2. What is the units digit of s?
1
Suppose 2*c = 3*v + 119 + 268, c = 2*v + 194. What is the tens digit of c?
9
Let m = -5 - -16. What is the tens digit of m?
1
Suppose -3*g + 15 + 0 = 0. Suppose 0 = -3*h + 5*h, 0 = 2*r + g*h - 60. What is the units digit of r?
0
What is the units digit of ((-2)/(-6))/((-5)/(-30))?
2
Let h(c) = -c + 33. Let r be h(0). Suppose 7*b - 6*b - r = 0. Let n = b + -20. What is the units digit of n?
3
Suppose -i = -2*i + 13. Let g = i + 8. Let t = g - 10. What is the tens digit of t?
1
Let t(k) be the second derivative of 3*k**4/4 - k**3/6 - k**2/2 - k. What is the units digit of t(-1)?
9
Suppose 0*r = -5*r. Let i = 15 - 12. Suppose 4*x + r - 30 = -2*m, 0 = -i*m - 9. What is the units digit of x?
9
Suppose 3 = -m + 4. What is the tens digit of ((-8)/(-6))/(m/12)?
1
Let s(w) = -2*w**2 + 2*w - 3. Suppose -4*h = -3*h + 3. Let x(k) = -5*k**2 + 7*k - 9. Let m(n) = h*x(n) + 8*s(n). What is the units digit of m(-5)?
3
Let p(t) = -t**3 + 2*t**2 - 7*t + 7. Let o(v) = -v + 1. Let u(r) = -5*o(r) + p(r). Let b be u(2). Let x(z) = z**2 + z + 2. What is the units digit of x(b)?
4
Suppose -5*n = 3 + 2, h = 4*n + 50. Suppose z = -3*z + k + 38, 5*k = 4*z - h. What is the units digit of z?
9
What is the tens digit of (-1 - 5 - 25)*(-1 + -1)?
6
Let x be (-20)/9 + (-6)/(-27). Let a = 7 - x. What is the units digit of a?
9
Let v(u) = -6*u + 1. What is the units digit of v(-6)?
7
Let u be 3 + ((-3)/(-3) - 2). Su